r*f - 2682, -2*f + 1335 = 5*h. What is the hundreds digit of f?
6
Let f be 8*9/192 - (-5145)/40. Let l be 1*-1 + (-2 - -3). Let n = f + l. What is the units digit of n?
9
Let i(n) = 5*n**3 - 23*n**2 + 13*n + 42. What is the tens digit of i(13)?
0
Let v be (21/4)/(-3 + 4614/1536). Suppose -5*r - 2*r = -v. What is the hundreds digit of r?
1
What is the hundreds digit of 1*(-1 - -10258 - 10)?
2
Let k(n) = -n**3 - 6*n**2 + 17*n + 10. Suppose r - 12*r = -55. Suppose 95 = -r*z + 50. What is the units digit of k(z)?
0
Let j(r) = 7672*r + 20. Let i be j(1). What is the hundreds digit of 35/(-10)*i/(-42)?
6
Let n be -6*(-1*3/2 + -7). Suppose -2*x + 555 = -n. What is the units digit of x?
3
Suppose -y + 52 = 3*y. Let p be 1*-2*((-273)/6)/y. Suppose 264 = 10*o - p*o. What is the tens digit of o?
8
Suppose -5*r + 0*l + 2090 = 5*l, 0 = r - 4*l - 443. Suppose -3*v - 2*v = 3*v - 5*v. Suppose -26*f + 29*f - r = v. What is the tens digit of f?
4
Let z(n) = n**3 + 15*n**2 - 4*n - 15. Suppose 0 = -5*d - 58 - 17. Let r be z(d). Suppose 72 = p - r. What is the tens digit of p?
1
Suppose 2*v - 66026 = -3*i, 45*i = 50*i - 2*v - 110054. What is the tens digit of i?
1
Suppose -81*r + 129*r - 182496 = 0. What is the units digit of r?
2
Let p = 37 - 39. Let x be p + (-4)/(-2) + -5. What is the hundreds digit of (4/6)/(x*6/(-11430))?
2
Let q be (-6)/(-10*5/(-1075)). Let c = q - -719. What is the tens digit of c?
9
Suppose -17*r + 66*r - 134652 = 0. What is the tens digit of r?
4
Let j = 460 - -4803. What is the thousands digit of j?
5
Suppose -o = -18*h + 16*h + 1341, 2*h - 1351 = 3*o. What is the tens digit of h?
6
Suppose 865 + 155 = 5*l. Suppose 2*m = 4*o + 4, 14 = 5*m + o + 4. Suppose l = m*k + 4*k. What is the units digit of k?
4
Let m = 2177 - 2074. Let a = -50 - -87. Let n = m - a. What is the tens digit of n?
6
Let w be 90*97 - (44 - 42). Suppose w = 30*k - 1322. What is the tens digit of k?
3
Let h(o) = o**3 + 4*o**2 - 3*o + 10. Let b be h(-5). Suppose b*y = -2*y + 6. Suppose 2*p - 4*f = 212, -2*p + y*f - f + 218 = 0. What is the tens digit of p?
1
Suppose -4*k = -w - 1028, w + 260 = 5*k - 1024. What is the units digit of k?
6
Let c(n) = 935 + 34*n - 931 - 3*n. Let g = -2 - -7. What is the tens digit of c(g)?
5
Let q(d) = -3424*d - 5327. What is the units digit of q(-2)?
1
Let l = 680 + -439. Suppose p + l = 2*m - 229, 5*p = 2*m - 478. What is the tens digit of m?
3
Suppose g = 19 - 20. What is the tens digit of (g*(-12)/(-9))/((-12)/342)?
3
Suppose -4932 = -36*c + 30*c. Suppose 168 = -y + c. What is the tens digit of y?
5
Suppose 0 = c + 57143 + 94132. What is the hundreds digit of (-4)/(-22) - c/165?
9
What is the tens digit of ((-330566)/(-17) - 2/34)*2/5?
7
Suppose 5*u = 2*s + 49, -4*u - 5*s = 7 - 66. Suppose 0 = -u*i + 12*i - 2. What is the tens digit of 1/(i/140 + 0 + 0)?
7
Let y(m) = -5*m**2 + 414*m + 52. What is the tens digit of y(81)?
8
Let t = -17997 - -31666. What is the ten thousands digit of t?
1
Let t = -22 + 34. Let p be (-28)/532 + 115/19. Suppose -t = -y - k, 3*k = 2*y - p - 3. What is the units digit of y?
9
Let z = -124 - -139. Let m(b) = 7*b**2 - 31*b - 30. What is the tens digit of m(z)?
8
Let d(r) = -r**2 - 12*r - 14. Suppose 3*i - u + 17 = -6, -20 = -4*u. Let b be d(i). Suppose -5*y - 323 = -b*y. What is the tens digit of y?
1
Let j = -7201 + 18034. What is the units digit of j?
3
Let u(d) = -3*d**2 + 613*d - 473. What is the ten thousands digit of u(134)?
2
Let i be (27/(-4 - -7))/((-9)/(-12)). Let f be (i/(-2))/(27/(-90)). Let s = 63 - f. What is the units digit of s?
3
Let c be 216/18 + (1 - 1). Suppose -13*t + 4250 = c*t. What is the hundreds digit of t?
1
Suppose -42*p - 1004 = -44*p. Suppose -10*k + p + 748 = 0. What is the units digit of k?
5
What is the hundreds digit of 859 + 3 + -5 + 14?
8
Let t = 34 + -22. Let l = -6 + t. Let y(i) = -i**3 + 9*i**2 - 5*i + 7. What is the units digit of y(l)?
5
What is the hundreds digit of (24174/(-7))/(2310/196 + -12)?
1
Suppose -5*s - 3918 = -12513. Suppose 5*c + 5*q - 2865 = 0, -c + s = 2*c + q. What is the units digit of c?
3
Let b(s) = -1646*s - 742. What is the units digit of b(-28)?
6
Let y(b) = 5*b**2 - 23*b - 16. Let v be y(-7). Suppose -w = 4*m + 68 - v, -2*w = m - 679. What is the hundreds digit of w?
3
Let a be 20/6*(-18)/(-5). Let d(g) = 2*g**2 + 12*g - 30. What is the tens digit of d(a)?
0
Suppose 3 + 4 = p + b, -3*p = 2*b - 16. Suppose -p*w - 57 = -253. Let d = w - 54. What is the tens digit of d?
4
What is the tens digit of 8/(-2) - (0 + 14 + -1803)?
8
Let p = -17 + -16. Let n = p + 130. Suppose -v + 20 = -n. What is the units digit of v?
7
Let i(q) = q**3 - 3*q**2 - 25*q - 17. Let z be i(7). Suppose 4*w = -2*x + 3686, 0 = -z*x - 25*w + 26*w + 7327. What is the hundreds digit of x?
8
What is the hundreds digit of 12/(-2) - (-34716)/((-44)/(-4))?
1
Let b = -16142 - -26204. What is the units digit of b?
2
Let l(q) = -21*q**2 + 6*q + 3. Let w be l(3). Let t = 243 - w. What is the units digit of t?
1
Let n(h) = h**2 + 14*h - 3. Let f be n(-15). Suppose -7*p = -f*p + 30. Suppose -p*b = -553 - 1127. What is the hundreds digit of b?
2
What is the units digit of (-140605)/(-8) - (-45)/15 - 18/(-48)?
9
Let z(i) = -6173*i**3 - 4*i**2 - 21*i - 11. Let y(w) = -1235*w**3 - w**2 - 4*w - 2. Let g(n) = 11*y(n) - 2*z(n). What is the tens digit of g(-1)?
3
Suppose 4*n - 188 = -640. Let b = 407 + n. What is the hundreds digit of b?
2
What is the units digit of 1317952/60 + (-10)/(-75) - 10/2?
1
Suppose 14*r - 55632 = 14*r - 3*r. What is the units digit of r?
4
Let z(k) = -11*k - 37. Let g be z(-3). Let m(n) = -6*n**2 - 2*n - 1. Let c(d) = 17*d**2 + 6*d + 2. Let v(w) = 4*c(w) + 11*m(w). What is the units digit of v(g)?
1
Let c be ((-4)/(-8)*-4)/(4/(-42)). Suppose -3*o = 9 - c. Suppose -o*z + 427 = -493. What is the units digit of z?
0
Let f be ((-1)/(-3))/(15/(-45)). What is the hundreds digit of (13 + 3 + f)*15?
2
Let o = -41092 + 66289. What is the ten thousands digit of o?
2
Let y(p) = -p**3 - 2*p**2 + 32*p + 11. Let n be y(-17). Suppose n = 5*s - 4*h, 4*h - 12 = -4. What is the units digit of s?
2
Let a(s) = -s**3 + 12*s**2 + 4*s - 11. Let n be a(11). Suppose 0 = 4*v - 4*b + 200, -5*b + n = v - 4*v. What is the tens digit of (24/v)/((-2)/504)?
2
Suppose 0 = -2*c + c - 57. Let q = 37 + c. What is the units digit of -1*q/(-15)*-18?
4
Suppose -11*f + 81 - 4 = 0. Let g be (2/(-2))/((-4)/48). Suppose g*o - f*o = 290. What is the tens digit of o?
5
Let f be (-1313)/(-101) + 74*2. Suppose 4*p - 14 = 6. Suppose -5*d + 4*b = -f, d - p*b = -3*d + 127. What is the tens digit of d?
3
Suppose -147*d - 242 = -158*d. Suppose -298 = -3*q + r, 3*q - 274 = -d*r + 17*r. What is the units digit of q?
8
Let b be (15/(450/8))/2 - (-1646)/30. Suppose 3*v - 53 = 4*v. Let z = b + v. What is the units digit of z?
2
Suppose 7*j + 2662 = 9*j + 8*s, -s + 1322 = j. What is the thousands digit of j?
1
Suppose 0*r + 8 = -2*r. Let j be (-3)/1*3/9*r. What is the units digit of 37/((2 - j)/(-2))?
7
Let i be ((-62)/5)/((-22)/330). Suppose -3*r + i = -g, -3*r - g + 134 + 58 = 0. Suppose 0 = 3*u - 327 + r. What is the units digit of u?
8
Suppose 0*x + 4*x + h = -3552, -x - 5*h - 869 = 0. Let b = -372 - x. What is the units digit of b?
7
Suppose 3*b = -3*m + 2*b + 150, 0 = 3*m - 5*b - 150. Let x = m - 59. What is the units digit of 6/((-2)/(456/x))?
2
Let q be (-1 - 0)/(15/(-75)). Let y(b) = -14*b**2 - 7*b - 12. Let o be y(q). Let n = -189 - o. What is the hundreds digit of n?
2
Suppose 17*b + 201628 = 35*b + b. What is the hundreds digit of b?
6
Let v(n) = n**2 + 95*n + 2907. What is the hundreds digit of v(-57)?
7
Let s(t) = -112*t + 73434. What is the units digit of s(0)?
4
Let a = 89594 + -51616. What is the hundreds digit of a?
9
Suppose 0 = 69*g - 192793 - 20486. What is the units digit of g?
1
Suppose 287*m = 196*m + 776321. What is the thousands digit of m?
8
Suppose 12*h - 6484 + 1432 = 0. Let x = 1152 - h. What is the units digit of x?
1
Suppose -7*t - 9 = -8*t. Let o be t/2 - ((-14)/(-4) + -3). Suppose -581 = -o*k - 3*r, 6*k - 4*r = 4*k + 296. What is the hundreds digit of k?
1
Let l(q) = -2*q**2 + 21*q + 29. Let k(n) = 2*n + 46. Let f be k(-17). Let o be l(f). What is the hundreds digit of (o/14)/((-2)/804)?
2
Let r(